 z(a) = -6*a + 111. Calculate z(f).
9
Let g(y) = -30*y + 179. Let u be g(6). Let k(c) = 23*c**2 + 4*c - 6. Let w(q) = -24*q**2 - 5*q + 10. Let l(z) = -3*k(z) - 2*w(z). Calculate l(u).
-21
Let c(h) = -7*h**2 + 12*h - 5. Suppose 2*q - 4 = x - 8, -3*q = 15. Let l(z) = 6*z**2 - 12*z + 6. Let s(p) = x*l(p) - 5*c(p). Determine s(8).
21
Let t(c) be the third derivative of -c**4/24 - c**3/2 + 29*c**2. Let w be t(-15). Let j be (-34)/119 + (-1)/(7/w). Let z(o) = -4*o**2 + o. Give z(j).
-18
Let y(u) = 8*u - 5. Let j(g) = 15*g - 9. Let z(r) = 6*j(r) - 11*y(r). Suppose -3*b + 45 = 3*q, -4*q = -3*q + 4*b - 18. Suppose q = 127*a - 134*a. Give z(a).
-3
Let m(f) = 3*f + 7. Let n(w) = w + 3. Let b(r) = 2*m(r) - 5*n(r). Suppose 149*p = 175*p + 6292. Let d = p - -239. Determine b(d).
-4
Let h be 4/((-14)/(-105)*-5). Let p be (-2 - h) + -7 - 3. Let r(q) = -2*q**2 - 5*q. Calculate r(p).
-42
Let n(d) = 129*d**2 - 124*d**2 - 2*d**3 + 1 - 3. Let s(r) = -r. Let b(v) = -n(v) - 2*s(v). Let o(z) = -z**2 + 6*z + 10. Let p be o(7). Determine b(p).
17
Let p(w) = -w**3 - 55*w**2 - 47*w + 4. Let t be p(-54). Let j = t + 374. Let x(n) = -n - 5. Calculate x(j).
-5
Let h(j) = -j**3 + 8*j**2 - 3*j - 25. Suppose -22*g - 5*c = -27*g - 5, 0 = -c + 8. What is h(g)?
3
Let o(q) = -15*q**2 + 5*q + 9*q**2 - 1658*q**3 + 1659*q**3. Let u(c) = 4*c**2 + 1. Let j be u(1). Suppose -12 = -4*y + 3*n + 8, -y = 4*n - j. What is o(y)?
0
Let n(g) = -4*g + 1. Let y be n(1). Let q be 1/(10/8)*(-105)/(-42). Let s(h) = 6 + 41*h - 35*h - q. Determine s(y).
-14
Let g = 34 + -40. Let m(h) = -2*h - 15. Let i be m(g). Let s be -1 + i + 1 + -2. Let r(z) = -z**3 - 6*z**2 - 6*z - 5. Determine r(s).
0
Let n = 309 + -307. Let v(i) = -505*i + n*i**3 + 502*i + 5*i**2 - 3*i**3 + 3. What is v(5)?
-12
Let f(o) = 5*o**2 - 29*o - 7. Let y be f(6). Let p(r) be the second derivative of 7*r**3/2 + r**2/2 + 4*r. What is p(y)?
-20
Let v(g) = g + 4. Suppose 10*f + 4685 - 4625 = 0. Determine v(f).
-2
Let s(p) = 5*p + 9. Suppose -10*f = 3*f - 104. Suppose -4 - f = 2*y. Determine s(y).
-21
Let n(p) = -2*p - 28. Suppose -689 + 533 = 13*t. Determine n(t).
-4
Let g(w) be the first derivative of 8*w**3/3 - w**2 - 2*w + 13306. Calculate g(2).
26
Suppose -6*w - 3*w = -2*w. Let h(m) = 2 + 1 + w - 4*m + 14*m**3 - 13*m**3. Give h(2).
3
Let n(v) = -v + 32. Let i(s) = 14. Let x(d) = 5*i(d) - 2*n(d). Suppose -2*z - 36 = 2*z + 3*h, -5*z = 2*h + 45. What is x(z)?
-12
Let h = -9714 - -9710. Let w(q) = 18*q + 66. What is w(h)?
-6
Suppose 9 = -3*i - 6. Let k(c) = 2*c**3 + 2*c**2 - c - 3. Let t(p) = -13*p**3 - 10*p**2 + 6*p + 25. Let y(q) = 7*k(q) + t(q). Give y(i).
-16
Let p(l) = -l**2 + l - 3. Suppose -3*z + 3*o - 321 = -2*o, 5*z + 575 = -5*o. Let r = z + 109. Determine p(r).
-15
Let c(t) be the third derivative of -t**4/6 + 3*t**3/2 - 19840*t**2. Let m = 4 - 0. What is c(m)?
-7
Let i be (-10)/2 + 124 + -4. Let k = -111 + i. Let y(c) = -c**3 + 3*c**2 + 4. Calculate y(k).
-12
Let c(v) = -7*v**2 + 23*v - 44. Let b be ((-2695)/1155)/((-7)/6). What is c(b)?
-26
Let u(z) be the third derivative of z**5/30 - z**4/8 - 24*z**3 - z**2 - 148*z - 5. What is u(9)?
-9
Suppose 2*q + 4 = -2*q. Let b(n) = 390 - n + 393 + 5*n + n - 781. Determine b(q).
-3
Let x(g) = 9*g - 5. Suppose -34*i + 29*i - 15 = 0. What is x(i)?
-32
Suppose -5*k + 67 - 52 = 0. Suppose 5 = -d - k*q + 10, -3*d + 26 = -2*q. Let h(f) = f**2 - 10*f - 10. Determine h(d).
-26
Suppose 0*i + 16*i + 2 = 178. Let u(h) = h**3 - 10*h**2 - 14*h + 38. Determine u(i).
5
Let g(i) = 22*i**2 + 26*i + 54. Let b(r) = -2*r**2 - 2*r. Let p(z) = -12*b(z) - g(z). Calculate p(-5).
6
Suppose 44*c - 144 = 8*c. Let t(z) = z**3 - 690*z**2 - c*z + 671*z**2 + 6*z + 16*z + 4. What is t(18)?
4
Let i(c) = -c + 3. Suppose 3*y - h = 101, 169 = 5*y - 0*h - 2*h. Suppose 32 = y*d - 29*d. Calculate i(d).
-5
Suppose 0 = 28*x + 49 + 7. Let w(a) = -2*a**2 - 3*a - 11. Give w(x).
-13
Let y(r) = 19 - 2521*r + 7563*r - 2522*r - 2518*r. What is y(-6)?
7
Let f be (-4 + 56/21)/((-2)/6). Let o(m) = 5*m - 15. Give o(f).
5
Suppose -6014 = -13*l + 1968. Let t = l - 611. Let v(k) = -3*k + 4. Give v(t).
-5
Let m(p) be the second derivative of -p**7/2520 + p**6/120 + 7*p**5/120 - 97*p**4/12 + 2*p + 22. Let y(u) be the third derivative of m(u). What is y(7)?
0
Let k(n) = 21*n**2 - 1 + 5*n + n**2 - 11 - 7*n**3. Let r(q) = -4*q**3 + 11*q**2 + 3*q - 6. Let f = 1848 - 1845. Let u(o) = f*k(o) - 5*r(o). What is u(11)?
-6
Let f = 2 - -4. Let r(b) = b**3 + 6*b**2 + 5*b + 8. Let l(u) = -2*u**3 - 14*u**2 - 12*u - 17. Let v(o) = -6*l(o) - 13*r(o). Determine v(f).
40
Suppose -6*y + 2 = -22. Let z(p) be the second derivative of -p**4/12 + 2*p**3/3 - 2*p**2 + 2*p + 144. What is z(y)?
-4
Suppose 7*m + 125 = -120. Let b = m - -37. Let u(x) = 10*x + 12*x**b + 4*x**2 - 8 - 17*x**2. What is u(8)?
8
Let q(m) = -5*m - 46. Let k = -3810 + 3799. Give q(k).
9
Let q(u) = 3*u + 4 + 7 - 24 - 30. Suppose -b - 527 + 540 = 0. Give q(b).
-4
Suppose -6*p - 237 + 1599 = 0. Let w = p - 222. Let l(t) = -t**2 + 8*t - 2. Determine l(w).
13
Suppose 3*w + 1 = 7. Let m(y) = -y - 2. Let d = 828 + -827. Let n(v) = v + 1. Let i(q) = d*m(q) + w*n(q). Calculate i(1).
1
Let s(t) = -68*t - 191. Let w(c) = -42*c - 127. Let y(o) = 5*s(o) - 8*w(o). Give y(17).
-7
Let c = -20837 - -20830. Let x(t) = 24*t + 144. What is x(c)?
-24
Let a be (3/2)/(-26 - (-14993)/580). Let h(f) = f**2 + 1. Let i(z) = -7*z**2 - 13*z - 12. Let k(p) = 6*h(p) + i(p). What is k(a)?
24
Let k(j) = -j - 4. Let v be -1 - (-25)/15 - 2/(-6). Let p(l) = 1 - 2 - 2 - v - l. Let h(d) = 5*k(d) - 6*p(d). Give h(-5).
-1
Let h(r) be the first derivative of r**3/3 + r + 65. Let t = 35 - 35. Suppose t = -3*m - 19 + 22. Determine h(m).
2
Let t(y) = y**2 - 4*y + 1. Suppose -24 = -5*w - w. Suppose -264 = -w*d - 4*j, 4*d = 5*d - 3*j - 82. Let h = 73 - d. Give t(h).
-2
Suppose -5*t - 2*r + 13 = 0, -3*t + 14 = t - 2*r. Let o(z) = -2*z - 164*z**2 + 77*z**2 + 7 - z**t + 80*z**2 + 5*z - 2*z. What is o(-6)?
-35
Let g(c) = 130*c**2 + 8*c - 6. Let r(p) = -17*p**2 - p + 1. Let a(n) = 2*g(n) + 15*r(n). What is a(-1)?
7
Let p be 0 - 1/(8/(-284))*-2. Let f = -65 - p. Suppose 4*q + f = -10. Let a(z) = -z + 5. Calculate a(q).
9
Suppose 99 = -21*l - 69. Let y(p) be the third derivative of -p**5/60 - 7*p**4/24 + 5*p**3/6 - p**2. What is y(l)?
-3
Suppose -48*y + 120*y - 68 = 38*y. Let i(d) be the first derivative of d + 1/3*d**3 + 3/2*d**2 + y. Determine i(-5).
11
Let i(u) = u**2 + u + 2. Let o be i(0). Let h(n) = o*n - 4*n + 5 + 4 + n. Suppose 0 = 70*z + 72 - 352. What is h(z)?
5
Let a = 15480 - 15479. Let j(h) be the first derivative of 0*h**3 - 1/4*h**4 - 3 - h + 1/2*h**2. What is j(a)?
-1
Let i(d) = -3*d**2 - 6*d + 22. Let p(s) = 10*s**2 + 18*s - 66. Let o(w) = -7*i(w) - 2*p(w). Let b be 546/(-63) + 1/(-3). What is o(b)?
5
Let k(t) be the first derivative of 5*t**2/2 - 54*t + 1159. What is k(6)?
-24
Let y(w) = w - 1. Let a(m) = 11*m + 96. Let f(v) = a(v) - 6*y(v). Let l be f(-23). Let t(s) = s**3 + 13*s**2 - s - 15. Determine t(l).
-2
Let k(o) be the first derivative of o**3/3 + 5*o**2 + 36*o - 565. Calculate k(-8).
20
Let g(a) = a**3 - 17*a**2 + 16*a + 20. Suppose z - 61 = -4*p, -413*z + 6 = -415*z. Determine g(p).
20
Let j(y) = 7*y**3 + 5*y**2 + y. Let x(a) = 13*a**3 + 10*a**2 + 2*a + 1. Let q(b) = 11*j(b) - 6*x(b). Let o = -162 + 157. Determine q(o).
-1
Suppose 10*f - 48 = -38*f. Let h(n) = 7*n + 6. Determine h(f).
13
Let w(d) = d**3 - 23*d**2 - 25*d + 7. Let z = 4971 + -4947. What is w(z)?
-17
Let n(q) = q**2 + 5*q + 1. Let w = 0 + 10. Suppose -w = -2*y, -k - y - 48 = -0*y. Let r = k + 50. Give n(r).
-5
Let h(y) = 361 - 710 + 348 - y. Let k(u) = -u**2 - 15*u + 13. Let n(v) = -5*v**2 - 75*v + 66. Let o(q) = -11*k(q) + 2*n(q). Let i be o(-16). Give h(i).
-6
Suppose 5*l - 6*r - 75 = -r, 3*l = 5*r + 55. Let g(y) = 6*y - 2 + 2 - 4*y - 15. Determine g(l).
5
Let r(j) = j**2 + 31*j - 39. Suppose -4*i - 4*x = 124, 5*i + 97 = 3*x - 66. Determine r(i).
-7
Let c = -112 + 112. Suppose 2*f = 3*f + 5*h - 12, -h + 2 = c. Let d(a) = 4*a**f - 2*a**2 + 1 + 4*a**2. What is d(1)?
7
Let x(j) be the second derivative of -j**6/360 + j**5/12 + 11*j**4/24 + j**3/2 - 21*j**2/2 + 4*j - 2. Let d(k) be the second derivative of x(k). Give d(11).
0
Let t = -43 - -26. Let v(a)